 - 10*o + 14. Calculate x(-9).
23
Let k(z) = 32*z - 151. What is k(5)?
9
Let s(h) = -2*h**2 - 12*h - 12. What is s(-5)?
-2
Let h(b) = -28*b**2 + b. Determine h(-1).
-29
Let c(d) = -3*d - 35. Calculate c(-14).
7
Let q(b) = -12*b**2 - 19*b - 18. Determine q(-1).
-11
Let n(y) = y**3 - 11*y**2 - y. What is n(11)?
-11
Let r(w) = w**3 - 4*w**2 + 5*w - 5. Determine r(3).
1
Let t(b) = b**2 + 50*b - 4. Determine t(-50).
-4
Let d(n) = -4*n + 88. Give d(16).
24
Let m(d) = d**2 + 13*d + 14. What is m(-11)?
-8
Let r(y) = -17*y + 106. Calculate r(6).
4
Let f(d) = -d**2 + 8*d - 3. Calculate f(6).
9
Let h(n) = -3*n**3 - n**2 + 6*n - 4. Calculate h(2).
-20
Let f(s) = -3*s + 59. Give f(27).
-22
Let h(g) = -g**3 - 2*g**2 - 2*g - 1. Determine h(-3).
14
Let w(y) = y + 3. Determine w(1).
4
Let o(s) = -s**3 - 21*s**2 - 22*s - 38. Give o(-20).
2
Let u(n) = n**3 - 10*n**2 - n - 10. Give u(10).
-20
Let a(g) = 89*g**2 - g. Calculate a(-1).
90
Let k(x) = x**2 + 31*x - 10. Determine k(-31).
-10
Let w(j) = -53*j - 481. Give w(-9).
-4
Let f(a) = -a**3 - 5*a**2 - 2*a + 9. What is f(-4)?
1
Let x(c) = -c + 24. Determine x(24).
0
Let v(f) = -7*f**2 + 7*f + 1. What is v(5)?
-139
Let q(n) = -22*n - 192. Calculate q(-9).
6
Let c(a) = -a**3 - 2*a**2 - a + 2. What is c(-2)?
4
Let x(m) = m**3 + 6*m**2 + m. What is x(-6)?
-6
Let v(r) = 4*r**2 + 2*r + 3. Give v(-2).
15
Let m(y) = 7*y - 10. Give m(3).
11
Let s(r) = r**3 - 6*r**2 - 7*r - 1. What is s(7)?
-1
Let k(p) = p**2 - 3*p - 7. Give k(8).
33
Let y(z) = z**3 + 7*z**2 - 2*z - 16. Give y(-7).
-2
Let t(o) = 3*o. Give t(-15).
-45
Let k(p) = -p**2 + 9*p - 8. Determine k(6).
10
Let y(f) = 11*f - 73. Give y(6).
-7
Let y(v) = v**2 - 9*v - 7. Determine y(10).
3
Let l(w) = -w**3 - 7*w**2 - 16*w - 40. Determine l(-5).
-10
Let c(w) = -w**3 - 56*w**2 - w - 53. Give c(-56).
3
Let p(u) = -2*u + 1. Calculate p(-5).
11
Let p(q) = -3*q - 20. Determine p(-7).
1
Let i(q) = q**2 - 15*q - 29. Calculate i(12).
-65
Let m(c) = c**3 + 15*c**2 - 31*c + 43. Determine m(-17).
-8
Let g(p) = -2*p + 1. What is g(-3)?
7
Let u(s) = s**2 + 18*s - 4. What is u(-15)?
-49
Let u(j) = -2*j + 5. What is u(1)?
3
Let m(v) = -9*v - 7. Determine m(-5).
38
Let v(n) = -14*n + 170. Give v(11).
16
Let m(z) = z**3 + 7*z**2 - 10*z - 23. Give m(-8).
-7
Let i(s) = -s**2 + s + 1. Give i(0).
1
Let y(s) = 2*s - 12. Determine y(5).
-2
Let t(j) = -7*j - 24. Determine t(-5).
11
Let c(m) = -2*m**3 + 23*m**2 + 12*m - 2. Determine c(12).
-2
Let c(j) = 3*j - 8. Give c(10).
22
Let z(r) = -23*r - 825. Calculate z(-36).
3
Let r(u) = -u**3 + 36*u**2 - 37*u + 32. What is r(35)?
-38
Let p(i) = -i**3 - 9*i**2 + 12*i + 11. Give p(-10).
-9
Let y(j) = j**2 - 5*j + 4. Determine y(8).
28
Let l(f) = -f - 2. What is l(-5)?
3
Let c(b) = -b**3 + 8*b**2 + 2*b. Give c(8).
16
Let l(f) = f**3 - 3*f**2 - 9*f + 7. Give l(6).
61
Let q(m) = 15*m - 37. What is q(2)?
-7
Let a(f) = -f**2 - 3*f - 11. Determine a(-6).
-29
Let w(z) = -11*z + 1. What is w(-3)?
34
Let p(l) = l**3 - 9*l**2 - 18*l - 69. Calculate p(11).
-25
Let y(h) = 3*h**2 + 4*h + 2. Give y(-2).
6
Let k(f) = -f**2 + 14*f - 15. Give k(15).
-30
Let c(b) = b**3 + 25*b**2 + 25*b + 19. Determine c(-24).
-5
Let n(r) = r**3 + 13*r**2 - 27*r. Give n(-15).
-45
Let h(q) = 96*q - 389. Calculate h(4).
-5
Let d(p) = p**2 - 2*p - 15. Give d(7).
20
Let u(z) = -45*z - 310. Calculate u(-7).
5
Let p(a) = -a**2 + 12*a - 5. What is p(9)?
22
Let v(t) = 41*t**3 - 2*t**2 - 3*t - 2. Give v(-1).
-42
Let z(y) = -59*y + 184. Give z(3).
7
Let r(i) = 6*i + 2. What is r(4)?
26
Let l(b) = 61*b**3 - 1. Calculate l(1).
60
Let r(p) = p**3 - 3*p**2 + 2*p - 3. Calculate r(4).
21
Let j(k) = -k**3 + 9*k**2 + 20*k + 25. Determine j(11).
3
Let f(g) = -5*g - 1. Calculate f(3).
-16
Let n(p) = p**3 + 23*p**2 - 24*p - 18. What is n(-24)?
-18
Let m(o) = 40*o + 52. Determine m(-3).
-68
Let c(m) = -17*m - 5. Determine c(3).
-56
Let g(j) = j**3 + j**2 - 3*j. Determine g(1).
-1
Let c(z) = -z**3 - 8*z**2 - 8*z + 5. What is c(-7)?
12
Let m(z) = -49*z + 636. Give m(13).
-1
Let m(t) = -7*t + 13. Give m(0).
13
Let c(u) = -2*u + 23. What is c(14)?
-5
Let q(m) = m**3 - 5*m**2 - 6*m + 1. Calculate q(6).
1
Let l(a) = -15*a - 198. What is l(-13)?
-3
Let y(g) = g**2 - 8*g + 19. What is y(5)?
4
Let v(h) = -3*h - 4. What is v(-14)?
38
Let p(k) = -k - 2. What is p(6)?
-8
Let l(s) = -s**2 + 2*s + 61. What is l(0)?
61
Let h(l) = 15*l - 4. Calculate h(-2).
-34
Let f(v) = -v**2 - 3*v + 8. Calculate f(-6).
-10
Let b(t) = 3*t + 3. Determine b(-2).
-3
Let p(n) = -n**2 - 10*n - 7. Determine p(-9).
2
Let z(h) = 3*h + 62. Give z(-18).
8
Let d(u) = u**2 + 12*u + 20. What is d(-11)?
9
Let j(b) = -12*b - 77. Give j(-7).
7
Let p(y) = -y + 21. Give p(-13).
34
Let u(j) = j**3 - 6*j**2 - 6*j - 1. Determine u(4).
-57
Let j(i) = -4*i**2 - 3*i + 2. Give j(-2).
-8
Let h(m) = 11*m - 51. Determine h(5).
4
Let q(x) = x + 19. What is q(-15)?
4
Let l(w) = -w**3 + 3*w**2 + 6*w - 26. Give l(3).
-8
Let m(y) = y. What is m(-12)?
-12
Let n(j) = -j**2 + 14*j - 42. What is n(13)?
-29
Let x(l) = -l**3 - 9*l**2 + 19. Calculate x(-9).
19
Let b(f) = f**3 + 10*f**2 - 6*f + 21. Determine b(-11).
-34
Let j(f) = -2*f + 11. Calculate j(7).
-3
Let y(n) = n**2 + n - 39. Determine y(6).
3
Let t(f) = f**2 + 6*f - 4. What is t(-5)?
-9
Let l(c) = -c**3 - 20*c**2 - 19*c - 6. Give l(-19).
-6
Let n(l) = l**2 + 16*l + 59. Give n(-3).
20
Let m(g) = -11*g**2. Determine m(-2).
-44
Let l(f) = -39*f**2 + f + 8. Give l(0).
8
Let c(t) = t**2 + 6*t - 14. What is c(-7)?
-7
Let n(x) = 16*x**3 - 2*x**2 + 2*x - 1. Give n(1).
15
Let x(d) = -d**3 + 5*d**2 - 7*d + 9. Determine x(4).
-3
Let i(y) = y**2 - 8*y + 2. Give i(16).
130
Let l(h) = h**2 - 4*h + 7. Calculate l(3).
4
Let y(k) = -k**3 - 7*k**2 + 10*k - 14. Determine y(-8).
-30
Let q(u) = u**3 - 9*u**2 - 5*u - 11. Calculate q(9).
-56
Let i(b) = 2*b**3 + 4*b**2 - 2*b + 2. Calculate i(2).
30
Let l(p) = -p**3 + 8*p**2 - 9*p + 10. Give l(7).
-4
Let q(b) = -2*b**2 + 5*b - 7. Give q(0).
-7
Let z(a) = a**3 - 2*a + 10. Calculate z(0).
10
Let i(s) = s**2 + 8*s - 21. What is i(-9)?
-12
Let b(w) = 2*w**2 - 1. Give b(1).
1
Let w(r) = r**3 + 7*r**2 + 12*r + 10. What is w(-4)?
10
Let v(q) = -q**3 + 53*q**2 - 151*q + 55. Calculate v(50).
5
Let d(j) = -5*j + 3. Calculate d(-2).
13
Let o(u) = -u**3 + 5*u**2 + 7*u + 4. Give o(6).
10
Let h(b) = 2*b**2 + 2*b - 9. Calculate h(0).
-9
Let m(p) = -p + 25. What is m(9)?
16
Let w(c) = -19*c - 3. Determine w(-1).
16
Let c(u) = -u + 40. Determine c(19).
21
Let r(b) = b**3 + 7*b**2 + 11*b + 2. Calculate r(-5).
-3
Let n(v) = v**3 + 21*v**2 + 11. Determine n(-21).
11
Let y(v) = v**2 + 2*v - 4. Determine y(-4).
4
Let i(m) = 4*m**2 + 23*m + 19. Give i(-5).
4
Let a(f) = 3*f + 25. Give a(-9).
-2
Let z(g) = 18*g + 27. Calculate z(-5).
-63
Let h(z) = -2*z - 2. Calculate h(6).
-14
Let q(a) = -10*a**3 + a**2 - 2*a + 1. Calculate q(1).
-10
Let a(m) = -m - 12. Calculate a(-11).
-1
Let k(n) = n**2 + n - 2. What is k(-4)?
10
Let q(t) = 5*t - 23. What is q(4)?
-3
Let r(n) = -50*n**3 + 2*n**2 - 3*n + 1. Determine r(1).
-50
Let h(a) = a**3 + 35*a**2 + a + 41. Determine h(-35).
6
Let s(m) = -m**3 - 14*m**2 - 11*m + 30. What is s(-13)?
4
Let h(u) = u - 7. Calculate h(-4).
-11
Let j(d) = -d**3 - 5*d**2 - 3*d - 9. What is j(-5)?
6
Let j(m) = -m**3 - 7*m**2 - 7*m - 10. What is j(-6)?
-4
Let r(h) = -h**3 - 4*h**2 + h + 4. Give r(-4).
0
Let d(c) = -c**2 + c - 7. What is d(6)?
-37
Let p(n) = 11*n + 57. Determine p(-5).
2
Let n(o) = o**3 + 5*o**2 + 3*o + 22. Give n(-5).
7
Let b(a) = -a**3 + 2*a - 4. Give b(-3).
17
Let c(i) = -i**2 - 11*i - 5. Calculate c(-6).
25
Let m(r) = -15*r - 90. Determine m(-7).
15
Let r(x) = -2*x**2 - 34*x - 3. What is r(-16)?
29
Let u(w) = -w**2 + 18*w - 13. Give u(18).
-13
Let f(k) = -k**3 + 11*k**2 + 13*k + 8. Give f(12).
20
Let u(k) = 5*k + 37. Give u(-9).
-8
Let x(t) = t**3 - 5*t**2 - 23*t - 15. Determine x(8).
-7
Let v(w) = w**3 + 15*w**2 - w - 14. What is v(-15)?
1
Let z(m) = -m**3 - 3*m**2 + 9*m - 4. Give z(-6).
50
Let r(i) = -i**3 + 10*i**2 - 5*i - 39. Determine r(9).
-3
Let p(x) = x**2 + 2*x - 21. Determine p(0).
-21
Let q(n) = 2*n + 5. What is q(3)?
11
Let n(d) = 2*d**2 + 47*d + 28. Give n(-23).
5
Let x(t) = -t**3 + 4*t**2 - 5*t + 3. Calculate x(3).
-3
Let v(d) = 20*d + 3. Calculate v(-1).
-17
Let 